{"id":460,"date":"2025-04-09T13:11:54","date_gmt":"2025-04-09T13:11:54","guid":{"rendered":"https:\/\/falcon-logistic.de\/wordpress\/?page_id=460"},"modified":"2025-05-27T21:04:56","modified_gmt":"2025-05-27T19:04:56","slug":"standorte","status":"publish","type":"page","link":"https:\/\/falcon-logistic.de\/index.php\/standorte\/","title":{"rendered":"Standorte"},"content":{"rendered":"\n<div class=\"wp-block-cover alignfull has-custom-content-position is-position-top-left\" style=\"min-height:600px;aspect-ratio:unset;\"><span aria-hidden=\"true\" class=\"wp-block-cover__background has-primary-background-color has-background-dim\"><\/span><img loading=\"lazy\" decoding=\"async\" width=\"1600\" height=\"792\" class=\"wp-block-cover__image-background wp-image-524\" alt=\"\" src=\"https:\/\/falcon-logistic.de\/wordpress\/wp-content\/uploads\/2025\/04\/standorte.jpg\" data-object-fit=\"cover\" srcset=\"https:\/\/falcon-logistic.de\/wordpress\/wp-content\/uploads\/2025\/04\/standorte.jpg 1600w, https:\/\/falcon-logistic.de\/wordpress\/wp-content\/uploads\/2025\/04\/standorte-300x149.jpg 300w, https:\/\/falcon-logistic.de\/wordpress\/wp-content\/uploads\/2025\/04\/standorte-1024x507.jpg 1024w, https:\/\/falcon-logistic.de\/wordpress\/wp-content\/uploads\/2025\/04\/standorte-768x380.jpg 768w, https:\/\/falcon-logistic.de\/wordpress\/wp-content\/uploads\/2025\/04\/standorte-1536x760.jpg 1536w, https:\/\/falcon-logistic.de\/wordpress\/wp-content\/uploads\/2025\/04\/standorte-1200x594.jpg 1200w\" sizes=\"auto, (max-width: 1600px) 100vw, 1600px\" \/><div class=\"wp-block-cover__inner-container is-layout-flow wp-block-cover-is-layout-flow\">\n<h2 class=\"wp-block-heading alignwide has-text-align-left o-typing-delay-1s o-typing-fast has-text-color\" style=\"color:#f4d589;font-size:64px\"><o-anim-typing>Starke Standorte. <br>Kurze Wege. <br>Schnelle Entscheidungen.<\/o-anim-typing><\/h2>\n\n\n\n<div class=\"wp-block-columns alignwide is-layout-flex wp-container-core-columns-is-layout-1 wp-block-columns-is-layout-flex\">\n<div class=\"wp-block-column is-layout-flow wp-block-column-is-layout-flow\" style=\"flex-basis:55%\">\n<div style=\"height:159px\" aria-hidden=\"true\" class=\"wp-block-spacer\"><\/div>\n\n\n\n<p class=\"has-text-color\" style=\"color:#ffe074;font-size:12px;line-height:1.3\"><\/p>\n<\/div>\n\n\n\n<div class=\"wp-block-column is-layout-flow wp-block-column-is-layout-flow\"><\/div>\n<\/div>\n<\/div><\/div>\n\n\n\n<h2 class=\"wp-block-heading\" id=\"isPasted\">Unsere Standorte \u2013 Logistik, wo Sie sie brauchen<\/h2>\n\n\n\n<p>Mit einem deutschlandweiten Netzwerk strategisch platzierter Standorte sind wir dort pr\u00e4sent, wo unsere Kunden uns brauchen \u2013 flexibel, zuverl\u00e4ssig und mit kurzen Reaktionszeiten. Jeder unserer Logistikstandorte ist optimal an das regionale Verkehrsnetz angebunden und verf\u00fcgt \u00fcber moderne Infrastruktur f\u00fcr Lagerung, Umschlag und Transport.<\/p>\n\n\n\n<p><strong>Unsere Pr\u00e4senz bedeutet f\u00fcr Sie:<\/strong><\/p>\n\n\n\n<ul class=\"wp-block-list\">\n<li>Schnelle Verf\u00fcgbarkeit Ihrer Waren<\/li>\n\n\n\n<li>Hohe Ausfallsicherheit durch dezentrale Strukturen<\/li>\n\n\n\n<li>Individuelle L\u00f6sungen in Ihrer N\u00e4he<\/li>\n<\/ul>\n\n\n\n<p>Egal ob Nord, S\u00fcd, Ost oder West \u2013 unsere Standorte sind Teil eines durchdachten Logistikkonzepts, das Ihre Supply Chain effizient und widerstandsf\u00e4hig macht.<\/p>\n\n\n\n<p id=\"isPasted\"><strong>Hier finden Sie unsere aktuellen Logistikzentren und Umschlagpunkte:<\/strong><\/p>\n\n\n\n<div id=\"wp-block-themeisle-blocks-advanced-columns-800ba6c5\" class=\"wp-block-themeisle-blocks-advanced-columns alignfull has-1-columns has-desktop-equal-layout has-tablet-equal-layout has-mobile-equal-layout has-vertical-unset animated fadeIn delay-500ms\"><div class=\"wp-block-themeisle-blocks-advanced-columns-overlay\"><\/div><div class=\"innerblocks-wrap\">\n<div id=\"wp-block-themeisle-blocks-advanced-column-7f09c2ed\" class=\"wp-block-themeisle-blocks-advanced-column\">\n<h6 class=\"wp-block-heading has-text-color\" style=\"color:#ee3832\">Unsere Standorte<\/h6>\n\n\n\n<h2 class=\"wp-block-heading has-text-color has-link-color wp-elements-6f7791d8b049c30756ebed810b66f1ce\" style=\"color:#070731;font-size:50px\">JETZT KONTAKTIEREN<\/h2>\n<\/div>\n<\/div><\/div>\n\n\n\n<div id=\"wp-block-themeisle-blocks-advanced-columns-29c9ec04\" class=\"wp-block-themeisle-blocks-advanced-columns alignfull has-3-columns has-desktop-equal-layout has-tablet-equal-layout has-mobile-collapsedRows-layout has-vertical-unset animated fadeIn delay-500ms\"><div class=\"wp-block-themeisle-blocks-advanced-columns-overlay\"><\/div><div class=\"innerblocks-wrap\">\n<div id=\"wp-block-themeisle-blocks-advanced-column-0c1c72c3\" class=\"wp-block-themeisle-blocks-advanced-column\"><div class=\"wp-block-image animated pulse o-anim-hover\">\n<figure class=\"aligncenter size-large\"><img loading=\"lazy\" decoding=\"async\" width=\"1024\" height=\"1011\" src=\"https:\/\/falcon-logistic.de\/wordpress\/wp-content\/uploads\/2025\/04\/image-1-1024x1011.png\" alt=\"\" class=\"wp-image-654\" srcset=\"https:\/\/falcon-logistic.de\/wordpress\/wp-content\/uploads\/2025\/04\/image-1-1024x1011.png 1024w, https:\/\/falcon-logistic.de\/wordpress\/wp-content\/uploads\/2025\/04\/image-1-300x296.png 300w, https:\/\/falcon-logistic.de\/wordpress\/wp-content\/uploads\/2025\/04\/image-1-768x758.png 768w, https:\/\/falcon-logistic.de\/wordpress\/wp-content\/uploads\/2025\/04\/image-1.png 1138w\" sizes=\"auto, (max-width: 1024px) 100vw, 1024px\" \/><\/figure><\/div>\n\n\n<div style=\"height:16px\" aria-hidden=\"true\" class=\"wp-block-spacer\"><\/div>\n\n\n\n<h3 class=\"wp-block-heading has-text-align-center has-text-color has-link-color wp-elements-9b68367d0a0f3eca2bd81e8f7a27b648\" style=\"color:#070731;margin-top:0px\">Dortmund<\/h3>\n\n\n\n<p class=\"has-text-align-center has-primary-color has-text-color has-normal-font-size\"><strong>HEADQUARTER<\/strong><br><strong>ABRECHNUNG<br>LADEMITTEL<\/strong><br><strong>VERTRIEB<\/strong><br><a href=\"mailto:dortmund@falcon-logistic.de\">dortmund@falcon-logistic.de<\/a><br>T: +49 231 6285 303 30<br>F: +49 231 6285 303 39<\/p>\n\n\n\n<p class=\"has-text-align-center has-primary-color has-text-color has-normal-font-size\"><br>Antonio-Segni-Stra\u00dfe 4<br>44263 Dortmund<br>Deutschland<br><br><\/p>\n<\/div>\n\n\n\n<div id=\"wp-block-themeisle-blocks-advanced-column-28d7c423\" class=\"wp-block-themeisle-blocks-advanced-column\"><div class=\"wp-block-image animated pulse o-anim-hover\">\n<figure class=\"aligncenter size-full is-resized\"><img loading=\"lazy\" decoding=\"async\" width=\"543\" height=\"567\" src=\"https:\/\/falcon-logistic.de\/wordpress\/wp-content\/uploads\/2025\/04\/image-2.png\" alt=\"\" class=\"wp-image-655\" style=\"width:349px;height:auto\" srcset=\"https:\/\/falcon-logistic.de\/wordpress\/wp-content\/uploads\/2025\/04\/image-2.png 543w, https:\/\/falcon-logistic.de\/wordpress\/wp-content\/uploads\/2025\/04\/image-2-287x300.png 287w\" sizes=\"auto, (max-width: 543px) 100vw, 543px\" \/><\/figure><\/div>\n\n\n<div style=\"height:16px\" aria-hidden=\"true\" class=\"wp-block-spacer\"><\/div>\n\n\n\n<h3 class=\"wp-block-heading has-text-align-center has-text-color has-link-color wp-elements-bc011df16f32953cc58cc3dff2c2bfaa\" style=\"color:#070731;margin-top:0px\">D\u00f6beln<\/h3>\n\n\n\n<p class=\"has-text-align-center has-primary-color has-text-color has-normal-font-size\"><strong><strong>DISPOSITION<\/strong><\/strong><br><strong>VERTRIEB<\/strong><br><br><br><a href=\"mailto:doebeln@falcon-logistic.de\">doebeln@falcon-logistic.de<\/a><br>T: +49 231 6285 303 30<br>F: +49 231 6285 303 39<\/p>\n\n\n\n<p class=\"has-text-align-center has-primary-color has-text-color has-normal-font-size\"><br>Sattelstr. 8<br>04720 D\u00f6beln<br>Deutschland<br><br><br><br><\/p>\n<\/div>\n\n\n\n<div id=\"wp-block-themeisle-blocks-advanced-column-771be624\" class=\"wp-block-themeisle-blocks-advanced-column\">\n<figure class=\"wp-block-image size-large is-resized animated pulse o-anim-hover\"><img loading=\"lazy\" decoding=\"async\" width=\"1017\" height=\"1024\" src=\"https:\/\/falcon-logistic.de\/wordpress\/wp-content\/uploads\/2025\/04\/image-8-1017x1024.png\" alt=\"\" class=\"wp-image-688\" style=\"width:360px;height:auto\" srcset=\"https:\/\/falcon-logistic.de\/wordpress\/wp-content\/uploads\/2025\/04\/image-8-1017x1024.png 1017w, https:\/\/falcon-logistic.de\/wordpress\/wp-content\/uploads\/2025\/04\/image-8-298x300.png 298w, https:\/\/falcon-logistic.de\/wordpress\/wp-content\/uploads\/2025\/04\/image-8-150x150.png 150w, https:\/\/falcon-logistic.de\/wordpress\/wp-content\/uploads\/2025\/04\/image-8-768x774.png 768w, https:\/\/falcon-logistic.de\/wordpress\/wp-content\/uploads\/2025\/04\/image-8.png 1097w\" sizes=\"auto, (max-width: 1017px) 100vw, 1017px\" \/><\/figure>\n\n\n\n<div style=\"height:16px\" aria-hidden=\"true\" class=\"wp-block-spacer\"><\/div>\n\n\n\n<h3 class=\"wp-block-heading has-text-align-center has-text-color has-link-color wp-elements-76ca0fd33bb05aad4ac38b355eae1471\" style=\"color:#070731;margin-top:0px\">Meerbusch<\/h3>\n\n\n\n<p class=\"has-text-align-center has-primary-color has-text-color has-normal-font-size\"><strong><strong><strong>WARENLAGER<\/strong><\/strong><\/strong><br><br><br><br><a href=\"mailto:meerbusch@falcon-logistic.de\">meerbusch@falcon-logistic.de<\/a><br>T: +49 231 6285 303 30<br>F: +49 231 6285 303 39<\/p>\n\n\n\n<p class=\"has-text-align-center has-primary-color has-text-color has-normal-font-size\"><br>c\/o Hendricks Int. Sped. GmbH &amp; Co.KG<br>Breite Stra\u00dfe 7<br>40670 Meerbusch<br>Deutschland<br><\/p>\n<\/div>\n<\/div><\/div>\n\n\n\n<hr class=\"wp-block-separator has-alpha-channel-opacity\"\/>\n\n\n\n<section id=\"wp-block-themeisle-blocks-advanced-columns-ce6564d7\" class=\"wp-block-themeisle-blocks-advanced-columns alignfull has-1-columns has-desktop-equal-layout has-tablet-equal-layout has-mobile-equal-layout has-vertical-flex-start\"><div class=\"wp-block-themeisle-blocks-advanced-columns-overlay\"><\/div><div class=\"innerblocks-wrap\">\n<div id=\"wp-block-themeisle-blocks-advanced-column-c8da186d\" class=\"wp-block-themeisle-blocks-advanced-column\">\n<div class=\"wp-block-columns alignwide is-layout-flex wp-container-core-columns-is-layout-2 wp-block-columns-is-layout-flex\">\n<div class=\"wp-block-column is-vertically-aligned-top is-content-justification-left is-layout-constrained wp-container-core-column-is-layout-3 wp-block-column-is-layout-constrained\" style=\"flex-basis:40%\">\n<div class=\"wp-block-group wp-container-content-1 is-vertical is-content-justification-right is-nowrap is-layout-flex wp-container-core-group-is-layout-1 wp-block-group-is-layout-flex\">\n<h4 class=\"wp-block-heading has-text-align-left\">Kontaktinformationen unserer Niederlassungen<\/h4>\n\n\n\n<p>Haben Sie ein Anliegen oder eine Frage? Hier finden Sie die Kontaktinformationen zu unseren Niederlassungen.<\/p>\n<\/div>\n<\/div>\n\n\n\n<div class=\"wp-block-column is-vertically-aligned-top is-layout-flow wp-block-column-is-layout-flow\" style=\"flex-basis:60%\"><div style=\"height:300pxpx;\" class=\"alignfull alignfull wp-block-themeisle-blocks-leaflet-map\" id=\"wp-block-themeisle-blocks-leaflet-map-31d92762\"><\/div>\n<script type=\"text\/javascript\">\n\t\/* <![CDATA[ *\/\n\t\tif ( ! window.themeisleLeafletMaps ) window.themeisleLeafletMaps =[];\n\t\twindow.themeisleLeafletMaps.push( { container: \"wp-block-themeisle-blocks-leaflet-map-31d92762\", attributes: {\"id\":\"wp-block-themeisle-blocks-leaflet-map-31d92762\",\"location\":\"Germany\",\"latitude\":\"51.781435604431195\",\"longitude\":\"15.424804687500002\",\"bbox\":\"2.0214843750000004,47.517200697839414,28.828125000000004,55.677584411089526\",\"zoom\":5,\"height\":\"300px\",\"markers\":[{\"id\":\"95ff5633-6791-4e29-9970-093c6179a8fd\",\"latitude\":\"51.1221\",\"longitude\":\"13.11027\",\"title\":\"D\\u00f6beln\",\"description\":\"<p><em><strong>Niederlassung D\\u00f6beln:<\\\/strong><\\\/em><\\\/p>\\n<p><span data-teams=\\\"true\\\">Sattelstr. 8<br \\\/>04720 D\\u00f6beln<\\\/span><\\\/p>\",\"location\":\"D\\u00f6beln\"},{\"id\":\"7df0cedb-ef06-4256-bc94-f92377965014\",\"latitude\":\"51.514244\",\"longitude\":\"7.468429\",\"title\":\"Dortmund\",\"description\":\"<p><em><strong>Niederlassung Dortmund:<\\\/strong><\\\/em><\\\/p>\\n<p>Antonio-Segni Stra\\u00dfe 4<br \\\/>44263 Dortmund<\\\/p>\\n<p>\\u00a0<\\\/p>\"},{\"id\":\"80a8a1de-6d6e-4672-9ab5-04f33be67fa7\",\"latitude\":51.2652237,\"longitude\":6.6760958,\"title\":\"Meerbusch\",\"description\":\"<p><strong>Warenlager:<\\\/strong> <br \\\/>Breite Stra\\u00dfe 7<br \\\/>40670 Meerbusch<br \\\/>Deutschland<\\\/p>\",\"location\":\"Meerbusch\"}],\"align\":\"full\",\"zoomControl\":true,\"draggable\":true,\"hasCustomCSS\":false,\"customCSS\":\"\",\"otterConditions\":[]} } );\n\t\/* ]]> *\/\n<\/script>\n<\/div>\n<\/div>\n<\/div>\n<\/div><\/section>\n\n\n\n<div class=\"wp-block-group alignfull has-primary-background-color has-background\"><div class=\"wp-block-group__inner-container is-layout-flow wp-block-group-is-layout-flow\">\n<div class=\"wp-block-columns alignwide are-vertically-aligned-top is-layout-flex wp-container-core-columns-is-layout-3 wp-block-columns-is-layout-flex\">\n<div class=\"wp-block-column is-vertically-aligned-top is-content-justification-left is-layout-constrained wp-container-core-column-is-layout-5 wp-block-column-is-layout-constrained\">\n<figure class=\"wp-block-image size-large animated slideInLeft\"><img loading=\"lazy\" decoding=\"async\" width=\"1024\" height=\"243\" src=\"https:\/\/falcon-logistic.de\/wordpress\/wp-content\/uploads\/2025\/04\/Falcon-Logo-1-1024x243.png\" alt=\"\" class=\"wp-image-598\" srcset=\"https:\/\/falcon-logistic.de\/wordpress\/wp-content\/uploads\/2025\/04\/Falcon-Logo-1-1024x243.png 1024w, https:\/\/falcon-logistic.de\/wordpress\/wp-content\/uploads\/2025\/04\/Falcon-Logo-1-300x71.png 300w, https:\/\/falcon-logistic.de\/wordpress\/wp-content\/uploads\/2025\/04\/Falcon-Logo-1-768x182.png 768w, https:\/\/falcon-logistic.de\/wordpress\/wp-content\/uploads\/2025\/04\/Falcon-Logo-1-1536x365.png 1536w, https:\/\/falcon-logistic.de\/wordpress\/wp-content\/uploads\/2025\/04\/Falcon-Logo-1-1200x285.png 1200w, https:\/\/falcon-logistic.de\/wordpress\/wp-content\/uploads\/2025\/04\/Falcon-Logo-1.png 1756w\" sizes=\"auto, (max-width: 1024px) 100vw, 1024px\" \/><\/figure>\n\n\n<div class=\"wp-block-image animated fadeIn delay-2s slower wp-duotone-grayscale\">\n<figure class=\"aligncenter size-medium\"><img loading=\"lazy\" decoding=\"async\" width=\"300\" height=\"116\" src=\"https:\/\/falcon-logistic.de\/wordpress\/wp-content\/uploads\/2025\/04\/image-3-300x116.png\" alt=\"\" class=\"wp-image-843\" srcset=\"https:\/\/falcon-logistic.de\/wordpress\/wp-content\/uploads\/2025\/04\/image-3-300x116.png 300w, https:\/\/falcon-logistic.de\/wordpress\/wp-content\/uploads\/2025\/04\/image-3.png 734w\" sizes=\"auto, (max-width: 300px) 100vw, 300px\" \/><\/figure><\/div><\/div>\n\n\n\n<div class=\"wp-block-column is-vertically-aligned-top is-layout-flow wp-block-column-is-layout-flow\" style=\"flex-basis:40%\">\n<p class=\"has-normal-font-size\">Bei uns z\u00e4hlt nur eins: Ihre Zufrieden\u00adheit! Bei welchem Transport k\u00f6nnen wir Sie unterst\u00fctzen?<\/p>\n\n\n\n<p class=\"has-normal-font-size\">Haben Sie noch Fragen oder besondere W\u00fcnsche, was Ihren Logistikauftrag angeht? Wir k\u00fcmmern uns drum! Als Spezialisten f\u00fcr Transporte aller Art freuen wir uns darauf, Ihnen weiterzuhelfen.<\/p>\n\n\n\n<p class=\"has-normal-font-size\">Kontaktieren Sie uns an und wir besprechen Ihre Anforderung pers\u00f6nlich.<\/p>\n<\/div>\n<\/div>\n\n\n\n<div class=\"wp-block-buttons is-content-justification-center is-layout-flex wp-container-core-buttons-is-layout-1 wp-block-buttons-is-layout-flex\">\n<div class=\"wp-block-button animated bounceInDown\"><a class=\"wp-block-button__link has-text-align-left wp-element-button\" href=\"https:\/\/falcon-logistic.de\/wordpress\/index.php\/kontakt\/\">Kontakt<\/a><\/div>\n<\/div>\n<\/div><\/div>\n","protected":false},"excerpt":{"rendered":"<p>Unsere Standorte \u2013 Logistik, wo Sie sie brauchen Mit einem deutschlandweiten Netzwerk strategisch platzierter Standorte sind wir dort pr\u00e4sent, wo unsere Kunden uns brauchen \u2013 flexibel, zuverl\u00e4ssig und mit kurzen Reaktionszeiten. Jeder unserer Logistikstandorte ist optimal an das regionale Verkehrsnetz angebunden und verf\u00fcgt \u00fcber moderne Infrastruktur f\u00fcr Lagerung, Umschlag und Transport. Unsere Pr\u00e4senz bedeutet f\u00fcr [&hellip;]<\/p>\n","protected":false},"author":1,"featured_media":0,"parent":0,"menu_order":0,"comment_status":"closed","ping_status":"closed","template":"templates\/template-full-width.php","meta":{"_themeisle_gutenberg_block_has_review":false,"footnotes":""},"class_list":["post-460","page","type-page","status-publish","hentry"],"yoast_head":"<!-- This site is optimized with the Yoast SEO plugin v24.8.1 - https:\/\/yoast.com\/wordpress\/plugins\/seo\/ -->\r\n<title>Standorte - Falcon Logistics Solution<\/title>\r\n<meta name=\"robots\" content=\"index, follow, max-snippet:-1, max-image-preview:large, max-video-preview:-1\" \/>\r\n<link rel=\"canonical\" href=\"https:\/\/falcon-logistic.de\/index.php\/standorte\/\" \/>\r\n<meta property=\"og:locale\" content=\"de_DE\" \/>\r\n<meta property=\"og:type\" content=\"article\" \/>\r\n<meta property=\"og:title\" content=\"Standorte - Falcon Logistics Solution\" \/>\r\n<meta property=\"og:description\" content=\"Unsere Standorte \u2013 Logistik, wo Sie sie brauchen Mit einem deutschlandweiten Netzwerk strategisch platzierter Standorte sind wir dort pr\u00e4sent, wo unsere Kunden uns brauchen \u2013 flexibel, zuverl\u00e4ssig und mit kurzen Reaktionszeiten. Jeder unserer Logistikstandorte ist optimal an das regionale Verkehrsnetz angebunden und verf\u00fcgt \u00fcber moderne Infrastruktur f\u00fcr Lagerung, Umschlag und Transport. Unsere Pr\u00e4senz bedeutet f\u00fcr [&hellip;]\" \/>\r\n<meta property=\"og:url\" content=\"https:\/\/falcon-logistic.de\/index.php\/standorte\/\" \/>\r\n<meta property=\"og:site_name\" content=\"Falcon Logistics Solution\" \/>\r\n<meta property=\"article:modified_time\" content=\"2025-05-27T19:04:56+00:00\" \/>\r\n<meta property=\"og:image\" content=\"https:\/\/falcon-logistic.de\/wordpress\/wp-content\/uploads\/2025\/04\/standorte.jpg\" \/>\r\n\t<meta property=\"og:image:width\" content=\"1600\" \/>\r\n\t<meta property=\"og:image:height\" content=\"792\" \/>\r\n\t<meta property=\"og:image:type\" content=\"image\/jpeg\" \/>\r\n<meta name=\"twitter:card\" content=\"summary_large_image\" \/>\r\n<meta name=\"twitter:label1\" content=\"Gesch\u00e4tzte Lesezeit\" \/>\n\t<meta name=\"twitter:data1\" content=\"3\u00a0Minuten\" \/>\r\n<script type=\"application\/ld+json\" class=\"yoast-schema-graph\">{\"@context\":\"https:\/\/schema.org\",\"@graph\":[{\"@type\":\"WebPage\",\"@id\":\"https:\/\/falcon-logistic.de\/index.php\/standorte\/\",\"url\":\"https:\/\/falcon-logistic.de\/index.php\/standorte\/\",\"name\":\"Standorte - Falcon Logistics Solution\",\"isPartOf\":{\"@id\":\"https:\/\/falcon-logistic.de\/#website\"},\"primaryImageOfPage\":{\"@id\":\"https:\/\/falcon-logistic.de\/index.php\/standorte\/#primaryimage\"},\"image\":{\"@id\":\"https:\/\/falcon-logistic.de\/index.php\/standorte\/#primaryimage\"},\"thumbnailUrl\":\"https:\/\/falcon-logistic.de\/wordpress\/wp-content\/uploads\/2025\/04\/standorte.jpg\",\"datePublished\":\"2025-04-09T13:11:54+00:00\",\"dateModified\":\"2025-05-27T19:04:56+00:00\",\"breadcrumb\":{\"@id\":\"https:\/\/falcon-logistic.de\/index.php\/standorte\/#breadcrumb\"},\"inLanguage\":\"de\",\"potentialAction\":[{\"@type\":\"ReadAction\",\"target\":[\"https:\/\/falcon-logistic.de\/index.php\/standorte\/\"]}]},{\"@type\":\"ImageObject\",\"inLanguage\":\"de\",\"@id\":\"https:\/\/falcon-logistic.de\/index.php\/standorte\/#primaryimage\",\"url\":\"https:\/\/falcon-logistic.de\/wordpress\/wp-content\/uploads\/2025\/04\/standorte.jpg\",\"contentUrl\":\"https:\/\/falcon-logistic.de\/wordpress\/wp-content\/uploads\/2025\/04\/standorte.jpg\",\"width\":1600,\"height\":792},{\"@type\":\"BreadcrumbList\",\"@id\":\"https:\/\/falcon-logistic.de\/index.php\/standorte\/#breadcrumb\",\"itemListElement\":[{\"@type\":\"ListItem\",\"position\":1,\"name\":\"Startseite\",\"item\":\"https:\/\/falcon-logistic.de\/\"},{\"@type\":\"ListItem\",\"position\":2,\"name\":\"Standorte\"}]},{\"@type\":\"WebSite\",\"@id\":\"https:\/\/falcon-logistic.de\/#website\",\"url\":\"https:\/\/falcon-logistic.de\/\",\"name\":\"Falcon Logistics Solution\",\"description\":\"\",\"publisher\":{\"@id\":\"https:\/\/falcon-logistic.de\/#organization\"},\"potentialAction\":[{\"@type\":\"SearchAction\",\"target\":{\"@type\":\"EntryPoint\",\"urlTemplate\":\"https:\/\/falcon-logistic.de\/?s={search_term_string}\"},\"query-input\":{\"@type\":\"PropertyValueSpecification\",\"valueRequired\":true,\"valueName\":\"search_term_string\"}}],\"inLanguage\":\"de\"},{\"@type\":\"Organization\",\"@id\":\"https:\/\/falcon-logistic.de\/#organization\",\"name\":\"Falcon Logistics Solution\",\"url\":\"https:\/\/falcon-logistic.de\/\",\"logo\":{\"@type\":\"ImageObject\",\"inLanguage\":\"de\",\"@id\":\"https:\/\/falcon-logistic.de\/#\/schema\/logo\/image\/\",\"url\":\"https:\/\/falcon-logistic.de\/wordpress\/wp-content\/uploads\/2025\/04\/cropped-Falcon-Logo.png\",\"contentUrl\":\"https:\/\/falcon-logistic.de\/wordpress\/wp-content\/uploads\/2025\/04\/cropped-Falcon-Logo.png\",\"width\":1756,\"height\":417,\"caption\":\"Falcon Logistics Solution\"},\"image\":{\"@id\":\"https:\/\/falcon-logistic.de\/#\/schema\/logo\/image\/\"}}]}<\/script>\r\n<!-- \/ Yoast SEO plugin. -->","yoast_head_json":{"title":"Standorte - Falcon Logistics Solution","robots":{"index":"index","follow":"follow","max-snippet":"max-snippet:-1","max-image-preview":"max-image-preview:large","max-video-preview":"max-video-preview:-1"},"canonical":"https:\/\/falcon-logistic.de\/index.php\/standorte\/","og_locale":"de_DE","og_type":"article","og_title":"Standorte - Falcon Logistics Solution","og_description":"Unsere Standorte \u2013 Logistik, wo Sie sie brauchen Mit einem deutschlandweiten Netzwerk strategisch platzierter Standorte sind wir dort pr\u00e4sent, wo unsere Kunden uns brauchen \u2013 flexibel, zuverl\u00e4ssig und mit kurzen Reaktionszeiten. Jeder unserer Logistikstandorte ist optimal an das regionale Verkehrsnetz angebunden und verf\u00fcgt \u00fcber moderne Infrastruktur f\u00fcr Lagerung, Umschlag und Transport. Unsere Pr\u00e4senz bedeutet f\u00fcr [&hellip;]","og_url":"https:\/\/falcon-logistic.de\/index.php\/standorte\/","og_site_name":"Falcon Logistics Solution","article_modified_time":"2025-05-27T19:04:56+00:00","og_image":[{"width":1600,"height":792,"url":"https:\/\/falcon-logistic.de\/wordpress\/wp-content\/uploads\/2025\/04\/standorte.jpg","type":"image\/jpeg"}],"twitter_card":"summary_large_image","twitter_misc":{"Gesch\u00e4tzte Lesezeit":"3\u00a0Minuten"},"schema":{"@context":"https:\/\/schema.org","@graph":[{"@type":"WebPage","@id":"https:\/\/falcon-logistic.de\/index.php\/standorte\/","url":"https:\/\/falcon-logistic.de\/index.php\/standorte\/","name":"Standorte - Falcon Logistics Solution","isPartOf":{"@id":"https:\/\/falcon-logistic.de\/#website"},"primaryImageOfPage":{"@id":"https:\/\/falcon-logistic.de\/index.php\/standorte\/#primaryimage"},"image":{"@id":"https:\/\/falcon-logistic.de\/index.php\/standorte\/#primaryimage"},"thumbnailUrl":"https:\/\/falcon-logistic.de\/wordpress\/wp-content\/uploads\/2025\/04\/standorte.jpg","datePublished":"2025-04-09T13:11:54+00:00","dateModified":"2025-05-27T19:04:56+00:00","breadcrumb":{"@id":"https:\/\/falcon-logistic.de\/index.php\/standorte\/#breadcrumb"},"inLanguage":"de","potentialAction":[{"@type":"ReadAction","target":["https:\/\/falcon-logistic.de\/index.php\/standorte\/"]}]},{"@type":"ImageObject","inLanguage":"de","@id":"https:\/\/falcon-logistic.de\/index.php\/standorte\/#primaryimage","url":"https:\/\/falcon-logistic.de\/wordpress\/wp-content\/uploads\/2025\/04\/standorte.jpg","contentUrl":"https:\/\/falcon-logistic.de\/wordpress\/wp-content\/uploads\/2025\/04\/standorte.jpg","width":1600,"height":792},{"@type":"BreadcrumbList","@id":"https:\/\/falcon-logistic.de\/index.php\/standorte\/#breadcrumb","itemListElement":[{"@type":"ListItem","position":1,"name":"Startseite","item":"https:\/\/falcon-logistic.de\/"},{"@type":"ListItem","position":2,"name":"Standorte"}]},{"@type":"WebSite","@id":"https:\/\/falcon-logistic.de\/#website","url":"https:\/\/falcon-logistic.de\/","name":"Falcon Logistics Solution","description":"","publisher":{"@id":"https:\/\/falcon-logistic.de\/#organization"},"potentialAction":[{"@type":"SearchAction","target":{"@type":"EntryPoint","urlTemplate":"https:\/\/falcon-logistic.de\/?s={search_term_string}"},"query-input":{"@type":"PropertyValueSpecification","valueRequired":true,"valueName":"search_term_string"}}],"inLanguage":"de"},{"@type":"Organization","@id":"https:\/\/falcon-logistic.de\/#organization","name":"Falcon Logistics Solution","url":"https:\/\/falcon-logistic.de\/","logo":{"@type":"ImageObject","inLanguage":"de","@id":"https:\/\/falcon-logistic.de\/#\/schema\/logo\/image\/","url":"https:\/\/falcon-logistic.de\/wordpress\/wp-content\/uploads\/2025\/04\/cropped-Falcon-Logo.png","contentUrl":"https:\/\/falcon-logistic.de\/wordpress\/wp-content\/uploads\/2025\/04\/cropped-Falcon-Logo.png","width":1756,"height":417,"caption":"Falcon Logistics Solution"},"image":{"@id":"https:\/\/falcon-logistic.de\/#\/schema\/logo\/image\/"}}]}},"jetpack_sharing_enabled":true,"_links":{"self":[{"href":"https:\/\/falcon-logistic.de\/index.php\/wp-json\/wp\/v2\/pages\/460","targetHints":{"allow":["GET"]}}],"collection":[{"href":"https:\/\/falcon-logistic.de\/index.php\/wp-json\/wp\/v2\/pages"}],"about":[{"href":"https:\/\/falcon-logistic.de\/index.php\/wp-json\/wp\/v2\/types\/page"}],"author":[{"embeddable":true,"href":"https:\/\/falcon-logistic.de\/index.php\/wp-json\/wp\/v2\/users\/1"}],"replies":[{"embeddable":true,"href":"https:\/\/falcon-logistic.de\/index.php\/wp-json\/wp\/v2\/comments?post=460"}],"version-history":[{"count":28,"href":"https:\/\/falcon-logistic.de\/index.php\/wp-json\/wp\/v2\/pages\/460\/revisions"}],"predecessor-version":[{"id":1285,"href":"https:\/\/falcon-logistic.de\/index.php\/wp-json\/wp\/v2\/pages\/460\/revisions\/1285"}],"wp:attachment":[{"href":"https:\/\/falcon-logistic.de\/index.php\/wp-json\/wp\/v2\/media?parent=460"}],"curies":[{"name":"wp","href":"https:\/\/api.w.org\/{rel}","templated":true}]}}