{"id":13,"date":"2025-04-04T16:34:42","date_gmt":"2025-04-04T16:34:42","guid":{"rendered":"https:\/\/falcon-logistic.de\/wordpress\/?page_id=13"},"modified":"2025-11-27T10:20:58","modified_gmt":"2025-11-27T08:20:58","slug":"kontakt","status":"publish","type":"page","link":"https:\/\/falcon-logistic.de\/index.php\/kontakt\/","title":{"rendered":"Kontakt"},"content":{"rendered":"\n<div class=\"wp-block-cover alignfull has-custom-content-position is-position-top-left\" style=\"min-height:600px;aspect-ratio:unset;\"><span aria-hidden=\"true\" class=\"wp-block-cover__background has-primary-background-color has-background-dim-40 has-background-dim\"><\/span><img loading=\"lazy\" decoding=\"async\" width=\"1920\" height=\"1280\" class=\"wp-block-cover__image-background wp-image-806\" alt=\"\" src=\"https:\/\/falcon-logistic.de\/wordpress\/wp-content\/uploads\/2025\/04\/business-4107640_1920.jpg\" style=\"object-position:45% 87%\" data-object-fit=\"cover\" data-object-position=\"45% 87%\" srcset=\"https:\/\/falcon-logistic.de\/wordpress\/wp-content\/uploads\/2025\/04\/business-4107640_1920.jpg 1920w, https:\/\/falcon-logistic.de\/wordpress\/wp-content\/uploads\/2025\/04\/business-4107640_1920-300x200.jpg 300w, https:\/\/falcon-logistic.de\/wordpress\/wp-content\/uploads\/2025\/04\/business-4107640_1920-1024x683.jpg 1024w, https:\/\/falcon-logistic.de\/wordpress\/wp-content\/uploads\/2025\/04\/business-4107640_1920-768x512.jpg 768w, https:\/\/falcon-logistic.de\/wordpress\/wp-content\/uploads\/2025\/04\/business-4107640_1920-1536x1024.jpg 1536w, https:\/\/falcon-logistic.de\/wordpress\/wp-content\/uploads\/2025\/04\/business-4107640_1920-1200x800.jpg 1200w\" sizes=\"auto, (max-width: 1920px) 100vw, 1920px\" \/><div class=\"wp-block-cover__inner-container is-layout-flow wp-block-cover-is-layout-flow\">\n<h2 class=\"wp-block-heading alignwide has-text-align-left o-typing-delay-1s o-typing-fast has-text-color\" style=\"color:#f4d589;font-size:64px\"><o-anim-typing>Logistik beginnt &#8211;<br>mit einem guten Gespr\u00e4ch.<\/o-anim-typing><\/h2>\n\n\n\n<div style=\"height:152px\" aria-hidden=\"true\" class=\"wp-block-spacer\"><\/div>\n\n\n\n<div class=\"wp-block-columns alignwide is-layout-flex wp-container-core-columns-is-layout-1 wp-block-columns-is-layout-flex\">\n<div class=\"wp-block-column is-layout-flow wp-block-column-is-layout-flow\" style=\"flex-basis:55%\">\n<div style=\"height:194px\" aria-hidden=\"true\" class=\"wp-block-spacer\"><\/div>\n\n\n\n<p class=\"has-text-color\" style=\"color:#ffe074;font-size:12px;line-height:1.3\"><\/p>\n<\/div>\n\n\n\n<div class=\"wp-block-column is-layout-flow wp-block-column-is-layout-flow\"><\/div>\n<\/div>\n<\/div><\/div>\n\n\n\n<p>Sie m\u00f6chten mehr \u00fcber unsere Leistungen erfahren oder haben eine konkrete Anfrage? Dann sind Sie hier genau richtig.<\/p>\n\n\n\n<p><strong>Falcon Logistics Solution<\/strong> ist Ihr zuverl\u00e4ssiger Partner f\u00fcr flexible Transport- und Logistikl\u00f6sungen \u2013 ob kurzfristige Sonderfahrten, regelm\u00e4\u00dfige Transporte oder ma\u00dfgeschneiderte Logistikkonzepte.<\/p>\n\n\n\n<p>Nutzen Sie das Kontaktformular, schreiben Sie uns eine E-Mail oder rufen Sie uns direkt an.<br>Unser Team k\u00fcmmert sich schnell und pers\u00f6nlich um Ihr Anliegen \u2013 kompetent, l\u00f6sungsorientiert und mit einem offenen Ohr f\u00fcr Ihre W\u00fcnsche.<\/p>\n\n\n\n<p><strong>So erreichen Sie uns:<\/strong><\/p>\n\n\n\n<ul class=\"wp-block-list\">\n<li>\ud83d\udcde Telefon: <a href=\"tel:0049231628530330\" target=\"_blank\" rel=\"noreferrer noopener\">+49 231 6285 303 30<\/a><\/li>\n\n\n\n<li>\ud83d\udce7 E-Mail: info@falcon-logistic.de<\/li>\n\n\n\n<li>\ud83d\udd58 Erreichbarkeit: Montag\u2013Freitag, 08:00\u201318:00 Uhr<\/li>\n<\/ul>\n\n\n\n<p>Das Management Team freut sich auf Ihre Nachricht und darauf, gemeinsam die passende L\u00f6sung f\u00fcr Ihr Transportvorhaben zu finden. <\/p>\n\n\n\n<section id=\"wp-block-themeisle-blocks-advanced-columns-dab9e0bf\" class=\"wp-block-themeisle-blocks-advanced-columns alignfull has-1-columns has-desktop-equal-layout has-tablet-equal-layout has-mobile-equal-layout has-vertical-flex-start\"><div class=\"wp-block-themeisle-blocks-advanced-columns-overlay\"><\/div><div class=\"innerblocks-wrap\">\n<div id=\"wp-block-themeisle-blocks-advanced-column-9df22226\" class=\"wp-block-themeisle-blocks-advanced-column\">\n<section id=\"wp-block-themeisle-blocks-advanced-columns-25c95699\" class=\"wp-block-themeisle-blocks-advanced-columns has-1-columns has-desktop-equal-layout has-tablet-equal-layout has-mobile-equal-layout has-vertical-flex-start\"><div class=\"wp-block-themeisle-blocks-advanced-columns-overlay\"><\/div><div class=\"innerblocks-wrap\">\n<div id=\"wp-block-themeisle-blocks-advanced-column-d4d9a4f8\" class=\"wp-block-themeisle-blocks-advanced-column\">\n<h2 id=\"wp-block-themeisle-blocks-advanced-heading-b8d1b344\" class=\"wp-block-themeisle-blocks-advanced-heading wp-block-themeisle-blocks-advanced-heading-b8d1b344\"><strong>FALCON LOGISTICS Solution<\/strong><\/h2>\n\n\n\n<h2 class=\"wp-block-heading has-text-align-center has-text-color has-link-color wp-elements-a2e7a0b4daaf8f359644fb48df996453\" style=\"color:#080808\">Management Team<\/h2>\n<\/div>\n<\/div><\/section>\n\n\n\n<section id=\"wp-block-themeisle-blocks-advanced-columns-b56443a0\" class=\"wp-block-themeisle-blocks-advanced-columns has-3-columns has-desktop-equal-layout has-tablet-equal-layout has-mobile-collapsedRows-layout has-vertical-flex-start animated fadeIn delay-200ms\"><div class=\"wp-block-themeisle-blocks-advanced-columns-overlay\"><\/div><div class=\"innerblocks-wrap\">\n<div id=\"wp-block-themeisle-blocks-advanced-column-1bb9ffb4\" class=\"wp-block-themeisle-blocks-advanced-column\"><div class=\"wp-block-image is-style-default animated pulse wp-duotone-grayscale\">\n<figure class=\"aligncenter size-full is-resized\"><img loading=\"lazy\" decoding=\"async\" width=\"256\" height=\"256\" src=\"https:\/\/falcon-logistic.de\/wordpress\/wp-content\/uploads\/2025\/05\/pb.jpg\" alt=\"\" class=\"wp-image-985\" style=\"object-fit:contain;width:256px;height:256px\" srcset=\"https:\/\/falcon-logistic.de\/wordpress\/wp-content\/uploads\/2025\/05\/pb.jpg 256w, https:\/\/falcon-logistic.de\/wordpress\/wp-content\/uploads\/2025\/05\/pb-150x150.jpg 150w\" sizes=\"auto, (max-width: 256px) 100vw, 256px\" \/><\/figure><\/div>\n\n\n<div style=\"height:16px\" aria-hidden=\"true\" class=\"wp-block-spacer\"><\/div>\n\n\n\n<h3 class=\"wp-block-heading has-text-align-center has-text-color has-link-color wp-elements-611085f4f7b4e8ca4e54d327a6fa1aaa\" style=\"color:#080808;margin-top:0px\">Patrick <br>Blaschke<\/h3>\n\n\n\n<div id=\"wp-block-themeisle-blocks-advanced-heading-975f3e9c\" class=\"wp-block-themeisle-blocks-advanced-heading wp-block-themeisle-blocks-advanced-heading-975f3e9c\"><strong>Founder \/ CEO<\/strong><\/div>\n\n\n\n<p class=\"has-text-align-left has-text-color has-link-color wp-elements-76fa2522bdf2abeffb22b9a238e70fe6\" style=\"color:#080808\">&#8222;Mit \u00fcber zwei Jahrzehnten Erfahrung in der Logistikbranche verstehe ich die Bed\u00fcrfnisse und Anforderungen unserer Kunden genau. Als inhabergef\u00fchrtes Unternehmen legen wir besonderen Wert auf pers\u00f6nliche Betreuung und ma\u00dfgeschneiderte L\u00f6sungen. Unser Ziel ist es, durch innovative Ans\u00e4tze und zuverl\u00e4ssige Dienstleistungen die Erwartungen unserer Kunden stets zu \u00fcbertreffen.&#8220;<\/p>\n<\/div>\n\n\n\n<div id=\"wp-block-themeisle-blocks-advanced-column-e0a218d6\" class=\"wp-block-themeisle-blocks-advanced-column\"><div class=\"wp-block-image is-style-default animated pulse o-anim-hover wp-duotone-grayscale\">\n<figure class=\"aligncenter size-full is-resized\"><img loading=\"lazy\" decoding=\"async\" width=\"256\" height=\"256\" src=\"https:\/\/falcon-logistic.de\/wordpress\/wp-content\/uploads\/2025\/11\/danilo-weyers-1.jpg\" alt=\"\" class=\"wp-image-1487\" style=\"object-fit:contain;width:256px;height:256px\" srcset=\"https:\/\/falcon-logistic.de\/wordpress\/wp-content\/uploads\/2025\/11\/danilo-weyers-1.jpg 256w, https:\/\/falcon-logistic.de\/wordpress\/wp-content\/uploads\/2025\/11\/danilo-weyers-1-150x150.jpg 150w\" sizes=\"auto, (max-width: 256px) 100vw, 256px\" \/><\/figure><\/div>\n\n\n<div style=\"height:16px\" aria-hidden=\"true\" class=\"wp-block-spacer\"><\/div>\n\n\n\n<h3 class=\"wp-block-heading has-text-align-center has-text-color has-link-color wp-elements-27f530d4110d3f06a61db19a0252fb96\" style=\"color:#080808;margin-top:0px\">Danilo <br>Weyers<\/h3>\n\n\n\n<div id=\"wp-block-themeisle-blocks-advanced-heading-6379101e\" class=\"wp-block-themeisle-blocks-advanced-heading wp-block-themeisle-blocks-advanced-heading-6379101e\"><strong>Operations<\/strong><\/div>\n\n\n\n<p class=\"has-text-align-center has-text-color has-link-color wp-elements-86d75f6a14381300b402e9b01524d29d\" style=\"color:#080808\">&#8222;Ich verf\u00fcge \u00fcber umfangreiche Erfahrung im Tagesgesch\u00e4ft. Ich habe die Kernprozesse erfolgreich vereinheitlicht, standardisiert und sp\u00fcrbar optimiert.<\/p>\n\n\n\n<p class=\"has-text-align-center\">Im Unternehmen etabliere ich eine offene Fehlerkultur: Herausforderungen werden direkt analysiert und nachhaltig gel\u00f6st.<\/p>\n\n\n\n<p class=\"has-text-align-center has-text-color has-link-color wp-elements-d0621b20c92f3e53110a2204105e05fa\" style=\"color:#080808\">Als Teil eines inhabergef\u00fchrten, modern gef\u00fchrten Unternehmens stehe ich f\u00fcr Transparenz, Verantwortung und kontinuierliche Verbesserung \u2013 mit dem klaren Anspruch, Kunden jeden Tag verl\u00e4ssliche und effiziente L\u00f6sungen zu liefern&#8220;<\/p>\n<\/div>\n\n\n\n<div id=\"wp-block-themeisle-blocks-advanced-column-c1c7a0fc\" class=\"wp-block-themeisle-blocks-advanced-column\"><div class=\"wp-block-image is-style-default animated pulse o-anim-hover wp-duotone-grayscale\">\n<figure class=\"aligncenter size-full is-resized\"><img loading=\"lazy\" decoding=\"async\" width=\"256\" height=\"256\" src=\"https:\/\/falcon-logistic.de\/wordpress\/wp-content\/uploads\/2025\/05\/ds.jpg\" alt=\"\" class=\"wp-image-981\" style=\"object-fit:contain;width:256px;height:256px\" srcset=\"https:\/\/falcon-logistic.de\/wordpress\/wp-content\/uploads\/2025\/05\/ds.jpg 256w, https:\/\/falcon-logistic.de\/wordpress\/wp-content\/uploads\/2025\/05\/ds-150x150.jpg 150w\" sizes=\"auto, (max-width: 256px) 100vw, 256px\" \/><\/figure><\/div>\n\n\n<div style=\"height:16px\" aria-hidden=\"true\" class=\"wp-block-spacer\"><\/div>\n\n\n\n<h3 class=\"wp-block-heading has-text-align-center has-text-color has-link-color wp-elements-b4a7c4e3f4da21ab90e167964529b4bd\" style=\"color:#080808;margin-top:0px\">Dominik <br>Sch\u00e4per<\/h3>\n\n\n\n<div id=\"wp-block-themeisle-blocks-advanced-heading-d0a7496a\" class=\"wp-block-themeisle-blocks-advanced-heading wp-block-themeisle-blocks-advanced-heading-d0a7496a\"><strong>FINANCE<\/strong><\/div>\n\n\n\n<p class=\"has-text-align-right has-text-color has-link-color wp-elements-8da4277c618786422acd17f4b60da48b\" style=\"color:#080808\">&#8222;Mit umfassender Expertise im Bereich Finanzen und Abrechnung sorge ich f\u00fcr eine pr\u00e4zise und transparente Verwaltung unserer finanziellen Angelegenheiten. Meine F\u00e4higkeit, komplexe finanzielle Prozesse effizient zu gestalten, hat sichergestellt, dass wir von Anfang an auf einer soliden wirtschaftlichen Basis stehen. Als inhabergef\u00fchrtes Unternehmen legen wir gro\u00dfen Wert auf Fairness, Integrit\u00e4t und Genauigkeit, um das Vertrauen unserer Kunden und Dienstleister zu st\u00e4rken.&#8220;<\/p>\n<\/div>\n<\/div><\/section>\n<\/div>\n<\/div><\/section>\n\n\n\n<div class=\"wp-block-group alignfull has-primary-background-color has-text-color has-background\" style=\"color:#000000\"><div class=\"wp-block-group__inner-container is-layout-flow wp-block-group-is-layout-flow\">\n<p class=\"has-text-align-center has-small-font-size\" style=\"line-height:.9\"><strong>Kontakt aufnehmen<\/strong><\/p>\n\n\n\n<h2 class=\"wp-block-heading has-text-align-center\" id=\"schedule-a-visit\" style=\"font-size:59px;line-height:1.15\"><strong>Jetzt Termin vereinbaren. <\/strong><\/h2>\n\n\n\n<div class=\"wp-block-buttons is-horizontal is-content-justification-center is-layout-flex wp-container-core-buttons-is-layout-1 wp-block-buttons-is-layout-flex\">\n<div class=\"wp-block-button has-custom-width wp-block-button__width-50 is-style-outline is-style-outline--1\"><a class=\"wp-block-button__link has-accent-background-color has-text-color has-background wp-element-button\" href=\"#kontakt\" style=\"border-radius:50px;color:#ffffff\">KontaktiereN SIE uns<\/a><\/div>\n<\/div>\n\n\n\n<div style=\"height:64px\" aria-hidden=\"true\" class=\"wp-block-spacer\"><\/div>\n<\/div><\/div>\n\n\n\n<div style=\"height:40px\" aria-hidden=\"true\" class=\"wp-block-spacer\"><\/div>\n\n\n\n<p>F\u00fcllen Sie bitte folgende Felder aus und bet\u00e4tigen Sie den &#8222;Kontaktformular senden&#8220;-Button. Beachten Sie hierbei bitte die&nbsp;<strong>Pflichteingabefelder*<\/strong>. <\/p>\n\n\n\n<div class=\"wp-block-contact-form-7-contact-form-selector\">\n<div class=\"wpcf7 no-js\" id=\"wpcf7-f5-o1\" lang=\"de-DE\" dir=\"ltr\" data-wpcf7-id=\"5\">\n<div class=\"screen-reader-response\"><p role=\"status\" aria-live=\"polite\" aria-atomic=\"true\"><\/p> <ul><\/ul><\/div>\n<form action=\"\/index.php\/wp-json\/wp\/v2\/pages\/13#wpcf7-f5-o1\" method=\"post\" class=\"wpcf7-form init\" id=\"kontakt\" aria-label=\"Kontaktformular\" enctype=\"multipart\/form-data\" novalidate=\"novalidate\" data-status=\"init\">\n<div style=\"display: none;\">\n<input type=\"hidden\" name=\"_wpcf7\" value=\"5\" \/>\n<input type=\"hidden\" name=\"_wpcf7_version\" value=\"6.0.6\" \/>\n<input type=\"hidden\" name=\"_wpcf7_locale\" value=\"de_DE\" \/>\n<input type=\"hidden\" name=\"_wpcf7_unit_tag\" value=\"wpcf7-f5-o1\" \/>\n<input type=\"hidden\" name=\"_wpcf7_container_post\" value=\"0\" \/>\n<input type=\"hidden\" name=\"_wpcf7_posted_data_hash\" value=\"\" \/>\n<input type=\"hidden\" name=\"_wpcf7_recaptcha_response\" value=\"\" \/>\n<\/div>\n<p><label> Name*<br \/>\n<span class=\"wpcf7-form-control-wrap\" data-name=\"your-name\"><input size=\"40\" maxlength=\"400\" class=\"wpcf7-form-control wpcf7-text wpcf7-validates-as-required\" autocomplete=\"name\" aria-required=\"true\" aria-invalid=\"false\" value=\"\" type=\"text\" name=\"your-name\" \/><\/span> <\/label>\n<\/p>\n<p><label> E-Mail-Adresse*<br \/>\n<span class=\"wpcf7-form-control-wrap\" data-name=\"your-email\"><input size=\"40\" maxlength=\"400\" class=\"wpcf7-form-control wpcf7-email wpcf7-validates-as-required wpcf7-text wpcf7-validates-as-email\" autocomplete=\"email\" aria-required=\"true\" aria-invalid=\"false\" value=\"\" type=\"email\" name=\"your-email\" \/><\/span> <\/label>\n<\/p>\n<p><label> Telefonnummer (optional)<br \/>\n<span class=\"wpcf7-form-control-wrap\" data-name=\"tel-765\"><input size=\"40\" maxlength=\"400\" class=\"wpcf7-form-control wpcf7-tel wpcf7-text wpcf7-validates-as-tel\" aria-invalid=\"false\" value=\"\" type=\"tel\" name=\"tel-765\" \/><\/span> <\/label>\n<\/p>\n<p><label> Betreff*<br \/>\n<span class=\"wpcf7-form-control-wrap\" data-name=\"your-subject\"><input size=\"40\" maxlength=\"400\" class=\"wpcf7-form-control wpcf7-text wpcf7-validates-as-required\" aria-required=\"true\" aria-invalid=\"false\" value=\"\" type=\"text\" name=\"your-subject\" \/><\/span> <\/label>\n<\/p>\n<p><label> Nachricht (optional)<br \/>\n<span class=\"wpcf7-form-control-wrap\" data-name=\"your-message\"><textarea cols=\"40\" rows=\"10\" maxlength=\"2000\" class=\"wpcf7-form-control wpcf7-textarea\" aria-invalid=\"false\" name=\"your-message\"><\/textarea><\/span> <\/label>\n<\/p>\n<p><label> Anhang (optional)<br \/>\n<span class=\"wpcf7-form-control-wrap\" data-name=\"file-654\"><input size=\"40\" class=\"wpcf7-form-control wpcf7-file\" accept=\"audio\/*,video\/*,image\/*\" aria-invalid=\"false\" type=\"file\" name=\"file-654\" \/><\/span> <\/label>\n<\/p>\n<p><span class=\"wpcf7-form-control-wrap\" data-name=\"acceptance-626\"><span class=\"wpcf7-form-control wpcf7-acceptance\"><span class=\"wpcf7-list-item\"><label><input type=\"checkbox\" name=\"acceptance-626\" value=\"1\" aria-invalid=\"false\" \/><span class=\"wpcf7-list-item-label\">Ich habe die Datenschutzerkl\u00e4rung gelesen und verstanden!<\/span><\/label><\/span><\/span><\/span>\n<\/p>\n<p><input class=\"wpcf7-form-control wpcf7-submit has-spinner\" type=\"submit\" value=\"Senden\" \/>\n<\/p><div class=\"wpcf7-response-output\" aria-hidden=\"true\"><\/div>\n<\/form>\n<\/div>\n<\/div>\n","protected":false},"excerpt":{"rendered":"<p>Sie m\u00f6chten mehr \u00fcber unsere Leistungen erfahren oder haben eine konkrete Anfrage? Dann sind Sie hier genau richtig. Falcon Logistics Solution ist Ihr zuverl\u00e4ssiger Partner f\u00fcr flexible Transport- und Logistikl\u00f6sungen \u2013 ob kurzfristige Sonderfahrten, regelm\u00e4\u00dfige Transporte oder ma\u00dfgeschneiderte Logistikkonzepte. Nutzen Sie das Kontaktformular, schreiben Sie uns eine E-Mail oder rufen Sie uns direkt an.Unser Team [&hellip;]<\/p>\n","protected":false},"author":1,"featured_media":0,"parent":0,"menu_order":0,"comment_status":"closed","ping_status":"closed","template":"templates\/template-full-width.php","meta":{"_themeisle_gutenberg_block_has_review":false,"footnotes":""},"class_list":["post-13","page","type-page","status-publish","hentry"],"yoast_head":"<!-- This site is optimized with the Yoast SEO plugin v24.8.1 - https:\/\/yoast.com\/wordpress\/plugins\/seo\/ -->\r\n<title>Kontakt - Falcon Logistics Solution<\/title>\r\n<meta name=\"robots\" content=\"index, follow, max-snippet:-1, max-image-preview:large, max-video-preview:-1\" \/>\r\n<link rel=\"canonical\" href=\"https:\/\/falcon-logistic.de\/index.php\/kontakt\/\" \/>\r\n<meta property=\"og:locale\" content=\"de_DE\" \/>\r\n<meta property=\"og:type\" content=\"article\" \/>\r\n<meta property=\"og:title\" content=\"Kontakt - Falcon Logistics Solution\" \/>\r\n<meta property=\"og:description\" content=\"Sie m\u00f6chten mehr \u00fcber unsere Leistungen erfahren oder haben eine konkrete Anfrage? Dann sind Sie hier genau richtig. Falcon Logistics Solution ist Ihr zuverl\u00e4ssiger Partner f\u00fcr flexible Transport- und Logistikl\u00f6sungen \u2013 ob kurzfristige Sonderfahrten, regelm\u00e4\u00dfige Transporte oder ma\u00dfgeschneiderte Logistikkonzepte. Nutzen Sie das Kontaktformular, schreiben Sie uns eine E-Mail oder rufen Sie uns direkt an.Unser Team [&hellip;]\" \/>\r\n<meta property=\"og:url\" content=\"https:\/\/falcon-logistic.de\/index.php\/kontakt\/\" \/>\r\n<meta property=\"og:site_name\" content=\"Falcon Logistics Solution\" \/>\r\n<meta property=\"article:modified_time\" content=\"2025-11-27T08:20:58+00:00\" \/>\r\n<meta property=\"og:image\" content=\"https:\/\/falcon-logistic.de\/wordpress\/wp-content\/uploads\/2025\/04\/business-4107640_1920.jpg\" \/>\r\n\t<meta property=\"og:image:width\" content=\"1920\" \/>\r\n\t<meta property=\"og:image:height\" content=\"1280\" \/>\r\n\t<meta property=\"og:image:type\" content=\"image\/jpeg\" \/>\r\n<meta name=\"twitter:card\" content=\"summary_large_image\" \/>\r\n<meta name=\"twitter:label1\" content=\"Gesch\u00e4tzte Lesezeit\" \/>\n\t<meta name=\"twitter:data1\" content=\"3\u00a0Minuten\" \/>\r\n<script type=\"application\/ld+json\" class=\"yoast-schema-graph\">{\"@context\":\"https:\/\/schema.org\",\"@graph\":[{\"@type\":\"WebPage\",\"@id\":\"https:\/\/falcon-logistic.de\/index.php\/kontakt\/\",\"url\":\"https:\/\/falcon-logistic.de\/index.php\/kontakt\/\",\"name\":\"Kontakt - Falcon Logistics Solution\",\"isPartOf\":{\"@id\":\"https:\/\/falcon-logistic.de\/#website\"},\"primaryImageOfPage\":{\"@id\":\"https:\/\/falcon-logistic.de\/index.php\/kontakt\/#primaryimage\"},\"image\":{\"@id\":\"https:\/\/falcon-logistic.de\/index.php\/kontakt\/#primaryimage\"},\"thumbnailUrl\":\"https:\/\/falcon-logistic.de\/wordpress\/wp-content\/uploads\/2025\/04\/business-4107640_1920.jpg\",\"datePublished\":\"2025-04-04T16:34:42+00:00\",\"dateModified\":\"2025-11-27T08:20:58+00:00\",\"breadcrumb\":{\"@id\":\"https:\/\/falcon-logistic.de\/index.php\/kontakt\/#breadcrumb\"},\"inLanguage\":\"de\",\"potentialAction\":[{\"@type\":\"ReadAction\",\"target\":[\"https:\/\/falcon-logistic.de\/index.php\/kontakt\/\"]}]},{\"@type\":\"ImageObject\",\"inLanguage\":\"de\",\"@id\":\"https:\/\/falcon-logistic.de\/index.php\/kontakt\/#primaryimage\",\"url\":\"https:\/\/falcon-logistic.de\/wordpress\/wp-content\/uploads\/2025\/04\/business-4107640_1920.jpg\",\"contentUrl\":\"https:\/\/falcon-logistic.de\/wordpress\/wp-content\/uploads\/2025\/04\/business-4107640_1920.jpg\",\"width\":1920,\"height\":1280},{\"@type\":\"BreadcrumbList\",\"@id\":\"https:\/\/falcon-logistic.de\/index.php\/kontakt\/#breadcrumb\",\"itemListElement\":[{\"@type\":\"ListItem\",\"position\":1,\"name\":\"Startseite\",\"item\":\"https:\/\/falcon-logistic.de\/\"},{\"@type\":\"ListItem\",\"position\":2,\"name\":\"Kontakt\"}]},{\"@type\":\"WebSite\",\"@id\":\"https:\/\/falcon-logistic.de\/#website\",\"url\":\"https:\/\/falcon-logistic.de\/\",\"name\":\"Falcon Logistics Solution\",\"description\":\"\",\"publisher\":{\"@id\":\"https:\/\/falcon-logistic.de\/#organization\"},\"potentialAction\":[{\"@type\":\"SearchAction\",\"target\":{\"@type\":\"EntryPoint\",\"urlTemplate\":\"https:\/\/falcon-logistic.de\/?s={search_term_string}\"},\"query-input\":{\"@type\":\"PropertyValueSpecification\",\"valueRequired\":true,\"valueName\":\"search_term_string\"}}],\"inLanguage\":\"de\"},{\"@type\":\"Organization\",\"@id\":\"https:\/\/falcon-logistic.de\/#organization\",\"name\":\"Falcon Logistics Solution\",\"url\":\"https:\/\/falcon-logistic.de\/\",\"logo\":{\"@type\":\"ImageObject\",\"inLanguage\":\"de\",\"@id\":\"https:\/\/falcon-logistic.de\/#\/schema\/logo\/image\/\",\"url\":\"https:\/\/falcon-logistic.de\/wordpress\/wp-content\/uploads\/2025\/04\/cropped-Falcon-Logo.png\",\"contentUrl\":\"https:\/\/falcon-logistic.de\/wordpress\/wp-content\/uploads\/2025\/04\/cropped-Falcon-Logo.png\",\"width\":1756,\"height\":417,\"caption\":\"Falcon Logistics Solution\"},\"image\":{\"@id\":\"https:\/\/falcon-logistic.de\/#\/schema\/logo\/image\/\"}}]}<\/script>\r\n<!-- \/ Yoast SEO plugin. -->","yoast_head_json":{"title":"Kontakt - Falcon Logistics Solution","robots":{"index":"index","follow":"follow","max-snippet":"max-snippet:-1","max-image-preview":"max-image-preview:large","max-video-preview":"max-video-preview:-1"},"canonical":"https:\/\/falcon-logistic.de\/index.php\/kontakt\/","og_locale":"de_DE","og_type":"article","og_title":"Kontakt - Falcon Logistics Solution","og_description":"Sie m\u00f6chten mehr \u00fcber unsere Leistungen erfahren oder haben eine konkrete Anfrage? Dann sind Sie hier genau richtig. Falcon Logistics Solution ist Ihr zuverl\u00e4ssiger Partner f\u00fcr flexible Transport- und Logistikl\u00f6sungen \u2013 ob kurzfristige Sonderfahrten, regelm\u00e4\u00dfige Transporte oder ma\u00dfgeschneiderte Logistikkonzepte. Nutzen Sie das Kontaktformular, schreiben Sie uns eine E-Mail oder rufen Sie uns direkt an.Unser Team [&hellip;]","og_url":"https:\/\/falcon-logistic.de\/index.php\/kontakt\/","og_site_name":"Falcon Logistics Solution","article_modified_time":"2025-11-27T08:20:58+00:00","og_image":[{"width":1920,"height":1280,"url":"https:\/\/falcon-logistic.de\/wordpress\/wp-content\/uploads\/2025\/04\/business-4107640_1920.jpg","type":"image\/jpeg"}],"twitter_card":"summary_large_image","twitter_misc":{"Gesch\u00e4tzte Lesezeit":"3\u00a0Minuten"},"schema":{"@context":"https:\/\/schema.org","@graph":[{"@type":"WebPage","@id":"https:\/\/falcon-logistic.de\/index.php\/kontakt\/","url":"https:\/\/falcon-logistic.de\/index.php\/kontakt\/","name":"Kontakt - Falcon Logistics Solution","isPartOf":{"@id":"https:\/\/falcon-logistic.de\/#website"},"primaryImageOfPage":{"@id":"https:\/\/falcon-logistic.de\/index.php\/kontakt\/#primaryimage"},"image":{"@id":"https:\/\/falcon-logistic.de\/index.php\/kontakt\/#primaryimage"},"thumbnailUrl":"https:\/\/falcon-logistic.de\/wordpress\/wp-content\/uploads\/2025\/04\/business-4107640_1920.jpg","datePublished":"2025-04-04T16:34:42+00:00","dateModified":"2025-11-27T08:20:58+00:00","breadcrumb":{"@id":"https:\/\/falcon-logistic.de\/index.php\/kontakt\/#breadcrumb"},"inLanguage":"de","potentialAction":[{"@type":"ReadAction","target":["https:\/\/falcon-logistic.de\/index.php\/kontakt\/"]}]},{"@type":"ImageObject","inLanguage":"de","@id":"https:\/\/falcon-logistic.de\/index.php\/kontakt\/#primaryimage","url":"https:\/\/falcon-logistic.de\/wordpress\/wp-content\/uploads\/2025\/04\/business-4107640_1920.jpg","contentUrl":"https:\/\/falcon-logistic.de\/wordpress\/wp-content\/uploads\/2025\/04\/business-4107640_1920.jpg","width":1920,"height":1280},{"@type":"BreadcrumbList","@id":"https:\/\/falcon-logistic.de\/index.php\/kontakt\/#breadcrumb","itemListElement":[{"@type":"ListItem","position":1,"name":"Startseite","item":"https:\/\/falcon-logistic.de\/"},{"@type":"ListItem","position":2,"name":"Kontakt"}]},{"@type":"WebSite","@id":"https:\/\/falcon-logistic.de\/#website","url":"https:\/\/falcon-logistic.de\/","name":"Falcon Logistics Solution","description":"","publisher":{"@id":"https:\/\/falcon-logistic.de\/#organization"},"potentialAction":[{"@type":"SearchAction","target":{"@type":"EntryPoint","urlTemplate":"https:\/\/falcon-logistic.de\/?s={search_term_string}"},"query-input":{"@type":"PropertyValueSpecification","valueRequired":true,"valueName":"search_term_string"}}],"inLanguage":"de"},{"@type":"Organization","@id":"https:\/\/falcon-logistic.de\/#organization","name":"Falcon Logistics Solution","url":"https:\/\/falcon-logistic.de\/","logo":{"@type":"ImageObject","inLanguage":"de","@id":"https:\/\/falcon-logistic.de\/#\/schema\/logo\/image\/","url":"https:\/\/falcon-logistic.de\/wordpress\/wp-content\/uploads\/2025\/04\/cropped-Falcon-Logo.png","contentUrl":"https:\/\/falcon-logistic.de\/wordpress\/wp-content\/uploads\/2025\/04\/cropped-Falcon-Logo.png","width":1756,"height":417,"caption":"Falcon Logistics Solution"},"image":{"@id":"https:\/\/falcon-logistic.de\/#\/schema\/logo\/image\/"}}]}},"jetpack_sharing_enabled":true,"_links":{"self":[{"href":"https:\/\/falcon-logistic.de\/index.php\/wp-json\/wp\/v2\/pages\/13","targetHints":{"allow":["GET"]}}],"collection":[{"href":"https:\/\/falcon-logistic.de\/index.php\/wp-json\/wp\/v2\/pages"}],"about":[{"href":"https:\/\/falcon-logistic.de\/index.php\/wp-json\/wp\/v2\/types\/page"}],"author":[{"embeddable":true,"href":"https:\/\/falcon-logistic.de\/index.php\/wp-json\/wp\/v2\/users\/1"}],"replies":[{"embeddable":true,"href":"https:\/\/falcon-logistic.de\/index.php\/wp-json\/wp\/v2\/comments?post=13"}],"version-history":[{"count":20,"href":"https:\/\/falcon-logistic.de\/index.php\/wp-json\/wp\/v2\/pages\/13\/revisions"}],"predecessor-version":[{"id":1488,"href":"https:\/\/falcon-logistic.de\/index.php\/wp-json\/wp\/v2\/pages\/13\/revisions\/1488"}],"wp:attachment":[{"href":"https:\/\/falcon-logistic.de\/index.php\/wp-json\/wp\/v2\/media?parent=13"}],"curies":[{"name":"wp","href":"https:\/\/api.w.org\/{rel}","templated":true}]}}